{"id":109,"date":"2024-12-10T14:00:43","date_gmt":"2024-12-10T13:00:43","guid":{"rendered":"https:\/\/lecti.se\/?page_id=109"},"modified":"2025-01-29T17:39:56","modified_gmt":"2025-01-29T16:39:56","slug":"ny-om-oss","status":"publish","type":"page","link":"https:\/\/lecti.se\/?page_id=109","title":{"rendered":"Om oss"},"content":{"rendered":"\n<div class=\"wp-block-group alignfull has-accent-background-color has-background has-global-padding is-layout-constrained wp-container-core-group-is-layout-669513ed wp-block-group-is-layout-constrained\" style=\"margin-top:0;margin-bottom:0;padding-top:var(--wp--preset--spacing--50);padding-right:var(--wp--preset--spacing--50);padding-bottom:var(--wp--preset--spacing--50);padding-left:var(--wp--preset--spacing--50)\">\n<div class=\"wp-block-columns alignwide is-layout-flex wp-container-core-columns-is-layout-1da03c2a wp-block-columns-is-layout-flex\">\n<div class=\"wp-block-column is-vertically-aligned-stretch is-layout-flow wp-block-column-is-layout-flow\" style=\"flex-basis:50%\">\n<div class=\"wp-block-group is-vertical is-content-justification-stretch is-layout-flex wp-container-core-group-is-layout-444d5ee8 wp-block-group-is-layout-flex\" style=\"min-height:100%\">\n<p class=\"has-heading-font-family has-x-large-font-size\" style=\"line-height:1.2\">Om akademiska resultat i informations\u00e5ldern<\/p>\n\n\n\n<div class=\"wp-block-group has-global-padding is-content-justification-left is-layout-constrained wp-container-core-group-is-layout-9fe8ed88 wp-block-group-is-layout-constrained\">\n<p class=\"wp-container-content-0733e5d0\">Hur kan han l\u00e4gga s\u00e5 mycket tid framf\u00f6r sk\u00e4rmen? Om han lade h\u00e4lften av den tiden p\u00e5 studierna, hade han haft ett nobelpris inom n\u00e5gra \u00e5r. Vad ska jag g\u00f6ra?<\/p>\n\n\n\n<p>Detta \u00e4r tankeg\u00e5ngar som de flesta f\u00f6r\u00e4ldrar kan k\u00e4nna igen sig i idag. Barn spenderar allt mer tid med datorspel och sociala medier p\u00e5 s\u00e4tt som riskerar att h\u00e4mma deras utveckling. Hur ska man s\u00e4tta rimliga gr\u00e4nser utan att verka bak\u00e5tstr\u00e4vande och utvecklingsfientlig?<\/p>\n\n\n\n<p class=\"wp-container-content-0733e5d0\">Vi \u00e4r tv\u00e5 studenter som under uppv\u00e4xten har spenderat en avsev\u00e4rd tid framf\u00f6r datorn och har egna erfarenheter b\u00e5de av sk\u00e4rmarnas charm men ocks\u00e5 av deras destruktiva effekter. Idag pluggar vi ambiti\u00f6st p\u00e5 Sveriges mest prestigefyllda psykologprogram och brinner f\u00f6r kunskap och pedagogik. Nu kombinerar vi v\u00e5ra breda \u00e4mneskunskaper, psykologiska insikter g\u00e4llande inl\u00e4rning och egna erfarenheter kring datorspelsmissbruk f\u00f6r att hj\u00e4lpa andra att uppn\u00e5 sin potential.<\/p>\n<\/div>\n<\/div>\n<\/div>\n\n\n\n<div class=\"wp-block-column is-vertically-aligned-center is-layout-flow wp-block-column-is-layout-flow\" style=\"flex-basis:50%\">\n<figure class=\"wp-block-gallery has-nested-images columns-default is-cropped wp-block-gallery-2 is-layout-flex wp-block-gallery-is-layout-flex\">\n<figure class=\"wp-block-image size-full is-style-rounded is-style-rounded--1\"><img loading=\"lazy\" decoding=\"async\" width=\"1024\" height=\"1024\" data-id=\"133\" src=\"https:\/\/lecti.se\/wp-content\/uploads\/2024\/12\/Ancient-Help.webp\" alt=\"\" class=\"wp-image-133\" style=\"aspect-ratio:3\/4;object-fit:cover\" srcset=\"https:\/\/lecti.se\/wp-content\/uploads\/2024\/12\/Ancient-Help.webp 1024w, https:\/\/lecti.se\/wp-content\/uploads\/2024\/12\/Ancient-Help-300x300.webp 300w, https:\/\/lecti.se\/wp-content\/uploads\/2024\/12\/Ancient-Help-150x150.webp 150w, https:\/\/lecti.se\/wp-content\/uploads\/2024\/12\/Ancient-Help-768x768.webp 768w\" sizes=\"auto, (max-width: 1024px) 100vw, 1024px\" \/><\/figure>\n<\/figure>\n<\/div>\n<\/div>\n<\/div>\n\n\n\n<div class=\"wp-block-group alignfull has-base-background-color has-background has-global-padding is-layout-constrained wp-container-core-group-is-layout-d89aad35 wp-block-group-is-layout-constrained\" style=\"margin-top:0;margin-bottom:0;padding-top:var(--wp--preset--spacing--50);padding-right:var(--wp--preset--spacing--50);padding-bottom:var(--wp--preset--spacing--50);padding-left:var(--wp--preset--spacing--50)\">\n<div class=\"wp-block-columns alignwide is-layout-flex wp-container-core-columns-is-layout-549b0c86 wp-block-columns-is-layout-flex\">\n<div class=\"wp-block-column has-global-padding is-content-justification-left is-layout-constrained wp-container-core-column-is-layout-4f15e8fe wp-block-column-is-layout-constrained\" style=\"flex-basis:40%\">\n<figure class=\"wp-block-image size-large\"><img loading=\"lazy\" decoding=\"async\" width=\"1024\" height=\"678\" src=\"https:\/\/lecti.se\/wp-content\/uploads\/2024\/12\/image-1-1024x678.png\" alt=\"\" class=\"wp-image-140\"\/><\/figure>\n<\/div>\n\n\n\n<div class=\"wp-block-column is-layout-flow wp-container-core-column-is-layout-119bc444 wp-block-column-is-layout-flow\" style=\"flex-basis:60%\">\n<p class=\"has-heading-font-family has-x-large-font-size\" style=\"line-height:1.2\">V\u00e5rt uppdrag<\/p>\n\n\n\n<div class=\"wp-block-columns is-layout-flex wp-container-core-columns-is-layout-87beb0d0 wp-block-columns-is-layout-flex\">\n<div class=\"wp-block-column is-layout-flow wp-block-column-is-layout-flow\">\n<p>I dagens digitala samh\u00e4lle m\u00f6ter ungdomar en allt h\u00e5rdare press att prestera i skolan, medan appar, spel och sociala medier stj\u00e4l tid som kunde anv\u00e4nts till l\u00e4rande och l\u00e5ngsiktig utveckling. Detta minskar inte bara deras kunskaper, utan \u00e4ven deras f\u00f6rm\u00e5ga att l\u00e4ra p\u00e5 sikt.<\/p>\n\n\n\n<p>Samtidigt p\u00e5verkas den psykiska h\u00e4lsan negativt av st\u00e4ndig j\u00e4mf\u00f6relse med andra och ett konstant infl\u00f6de av negativ information. \u00c4ven n\u00e5got s\u00e5 grundl\u00e4ggande som uttr\u00e5kning \u2013 en k\u00e4lla till kreativitet, reflektion och m\u00e5lmedvetenhet \u2013 har blivit en bristvara i dagens teknikfokuserade vardag.<\/p>\n\n\n\n<p>P\u00e5 Lecti tror vi p\u00e5 ungdomens inneboende potential. Med forskningsbaserad och personligt anpassad l\u00e4xhj\u00e4lp i hemmet st\u00e4rker vi studieresultat, utvecklar goda studievanor och bygger sj\u00e4lvf\u00f6rtroende inf\u00f6r framtida utmaningar. Flera studier visar hur extern l\u00e4xhj\u00e4lp f\u00f6rb\u00e4ttrar b\u00e5de akademiska prestationer och stresst\u00e5lighet. D\u00e4rf\u00f6r skr\u00e4ddarsyr vi v\u00e5ra insatser efter just era behov och m\u00e5l.<\/p>\n<\/div>\n<\/div>\n<\/div>\n<\/div>\n<\/div>\n\n\n\n<div class=\"wp-block-group alignfull has-accent-5-background-color has-background has-global-padding is-layout-constrained wp-container-core-group-is-layout-d89aad35 wp-block-group-is-layout-constrained\" style=\"margin-top:0;margin-bottom:0;padding-top:var(--wp--preset--spacing--50);padding-right:var(--wp--preset--spacing--50);padding-bottom:var(--wp--preset--spacing--50);padding-left:var(--wp--preset--spacing--50)\">\n<div class=\"wp-block-columns alignwide is-layout-flex wp-container-core-columns-is-layout-1da03c2a wp-block-columns-is-layout-flex\">\n<div class=\"wp-block-column is-vertically-aligned-center is-layout-flow wp-block-column-is-layout-flow\" style=\"flex-basis:60%\">\n<figure class=\"wp-block-image size-full is-style-rounded wp-duotone-duotone-1 is-style-rounded--3\"><img loading=\"lazy\" decoding=\"async\" width=\"1792\" height=\"1024\" src=\"https:\/\/lecti.se\/wp-content\/uploads\/2024\/12\/DALL\u00b7E-2024-05-06-13.40.46-Create-a-high-definition-wallpaper-that-emulates-a-17th-century-Dutch-Golden-Age-painting-featuring-a-whimsical-scene-of-a-fish-with-glasses-sitting.webp\" alt=\"\" class=\"wp-image-144\" style=\"aspect-ratio:4\/3;object-fit:cover\" srcset=\"https:\/\/lecti.se\/wp-content\/uploads\/2024\/12\/DALL\u00b7E-2024-05-06-13.40.46-Create-a-high-definition-wallpaper-that-emulates-a-17th-century-Dutch-Golden-Age-painting-featuring-a-whimsical-scene-of-a-fish-with-glasses-sitting.webp 1792w, https:\/\/lecti.se\/wp-content\/uploads\/2024\/12\/DALL\u00b7E-2024-05-06-13.40.46-Create-a-high-definition-wallpaper-that-emulates-a-17th-century-Dutch-Golden-Age-painting-featuring-a-whimsical-scene-of-a-fish-with-glasses-sitting-300x171.webp 300w, https:\/\/lecti.se\/wp-content\/uploads\/2024\/12\/DALL\u00b7E-2024-05-06-13.40.46-Create-a-high-definition-wallpaper-that-emulates-a-17th-century-Dutch-Golden-Age-painting-featuring-a-whimsical-scene-of-a-fish-with-glasses-sitting-1024x585.webp 1024w, https:\/\/lecti.se\/wp-content\/uploads\/2024\/12\/DALL\u00b7E-2024-05-06-13.40.46-Create-a-high-definition-wallpaper-that-emulates-a-17th-century-Dutch-Golden-Age-painting-featuring-a-whimsical-scene-of-a-fish-with-glasses-sitting-768x439.webp 768w, https:\/\/lecti.se\/wp-content\/uploads\/2024\/12\/DALL\u00b7E-2024-05-06-13.40.46-Create-a-high-definition-wallpaper-that-emulates-a-17th-century-Dutch-Golden-Age-painting-featuring-a-whimsical-scene-of-a-fish-with-glasses-sitting-1536x878.webp 1536w\" sizes=\"auto, (max-width: 1792px) 100vw, 1792px\" \/><\/figure>\n<\/div>\n\n\n\n<div class=\"wp-block-column is-layout-flow wp-block-column-is-layout-flow\" style=\"flex-basis:40%\">\n<h2 class=\"wp-block-heading\">Vi v\u00e4gleder ungdomar genom deras studier<\/h2>\n\n\n\n<p><\/p>\n\n\n\n<div class=\"wp-block-buttons is-layout-flex wp-block-buttons-is-layout-flex\">\n<div class=\"wp-block-button\"><a class=\"wp-block-button__link wp-element-button\" href=\"https:\/\/lecti.se\/?page_id=26\">V\u00e5ra erbjudanden<\/a><\/div>\n<\/div>\n<\/div>\n<\/div>\n<\/div>\n\n\n\n<div class=\"wp-block-group alignfull has-global-padding is-layout-constrained wp-container-core-group-is-layout-669513ed wp-block-group-is-layout-constrained\" style=\"margin-top:0;margin-bottom:0;padding-top:var(--wp--preset--spacing--50);padding-right:var(--wp--preset--spacing--50);padding-bottom:var(--wp--preset--spacing--50);padding-left:var(--wp--preset--spacing--50)\">\n<div class=\"wp-block-group is-vertical is-content-justification-center is-layout-flex wp-container-core-group-is-layout-ce155fab wp-block-group-is-layout-flex\">\n<h2 class=\"wp-block-heading has-text-align-center has-xx-large-font-size\">H\u00e4r \u00e4r v\u00e5rt team<\/h2>\n\n\n\n<p class=\"has-text-align-center\">Lecti utg\u00f6rs av tv\u00e5 psykologstudenter vid Lunds Universitet fr\u00e5n Stockholm och Uppsala<\/p>\n<\/div>\n\n\n\n<div style=\"height:var(--wp--preset--spacing--30)\" aria-hidden=\"true\" class=\"wp-block-spacer\"><\/div>\n\n\n\n<div class=\"wp-block-columns alignwide is-layout-flex wp-container-core-columns-is-layout-4935966c wp-block-columns-is-layout-flex\" style=\"padding-right:0;padding-left:0\">\n<div class=\"wp-block-column is-layout-flow wp-block-column-is-layout-flow\">\n<figure class=\"wp-block-image size-full is-style-rounded is-style-rounded--4\"><img loading=\"lazy\" decoding=\"async\" width=\"2048\" height=\"1365\" src=\"https:\/\/lecti.se\/wp-content\/uploads\/2025\/01\/d5ac40f5-5e73-47df-8fe1-539f34a68e34-1.jpeg\" alt=\"\" class=\"wp-image-174\" style=\"aspect-ratio:1;object-fit:cover\" srcset=\"https:\/\/lecti.se\/wp-content\/uploads\/2025\/01\/d5ac40f5-5e73-47df-8fe1-539f34a68e34-1.jpeg 2048w, https:\/\/lecti.se\/wp-content\/uploads\/2025\/01\/d5ac40f5-5e73-47df-8fe1-539f34a68e34-1-300x200.jpeg 300w, https:\/\/lecti.se\/wp-content\/uploads\/2025\/01\/d5ac40f5-5e73-47df-8fe1-539f34a68e34-1-1024x683.jpeg 1024w, https:\/\/lecti.se\/wp-content\/uploads\/2025\/01\/d5ac40f5-5e73-47df-8fe1-539f34a68e34-1-768x512.jpeg 768w, https:\/\/lecti.se\/wp-content\/uploads\/2025\/01\/d5ac40f5-5e73-47df-8fe1-539f34a68e34-1-1536x1024.jpeg 1536w\" sizes=\"auto, (max-width: 2048px) 100vw, 2048px\" \/><\/figure>\n\n\n\n<div class=\"wp-block-columns is-layout-flex wp-container-core-columns-is-layout-28f84493 wp-block-columns-is-layout-flex\">\n<div class=\"wp-block-column is-layout-flow wp-block-column-is-layout-flow\">\n<p><strong>Joel Lindstedt<\/strong><br>Psykologstudent. Ansvarig f\u00f6r matematik och naturorienterade \u00e4mnen.<\/p>\n<\/div>\n\n\n\n<div class=\"wp-block-column is-layout-flow wp-block-column-is-layout-flow\">\n<p class=\"has-text-align-right\"><strong>Vidar Eriksson<\/strong><br>Psykologstudent. Ansvarig f\u00f6r spr\u00e5k och samh\u00e4llsorienterade \u00e4mnen.<\/p>\n<\/div>\n<\/div>\n<\/div>\n<\/div>\n<\/div>\n\n\n\n<div class=\"wp-block-columns is-layout-flex wp-container-core-columns-is-layout-28f84493 wp-block-columns-is-layout-flex\">\n<div class=\"wp-block-column is-layout-flow wp-block-column-is-layout-flow\"><\/div>\n\n\n\n<div class=\"wp-block-column is-layout-flow wp-block-column-is-layout-flow\"><\/div>\n<\/div>\n\n\n\n<p><\/p>\n","protected":false},"excerpt":{"rendered":"<p>Om akademiska resultat i informations\u00e5ldern Hur kan han l\u00e4gga s\u00e5 mycket tid framf\u00f6r sk\u00e4rmen? Om han lade h\u00e4lften av den tiden p\u00e5 studierna, hade han haft ett nobelpris inom n\u00e5gra \u00e5r. Vad ska jag g\u00f6ra? Detta \u00e4r tankeg\u00e5ngar som de flesta f\u00f6r\u00e4ldrar kan k\u00e4nna igen sig i idag. Barn spenderar allt mer tid med datorspel [&hellip;]<\/p>\n","protected":false},"author":3,"featured_media":0,"parent":0,"menu_order":0,"comment_status":"closed","ping_status":"closed","template":"","meta":{"footnotes":""},"class_list":["post-109","page","type-page","status-publish","hentry"],"_links":{"self":[{"href":"https:\/\/lecti.se\/index.php?rest_route=\/wp\/v2\/pages\/109","targetHints":{"allow":["GET"]}}],"collection":[{"href":"https:\/\/lecti.se\/index.php?rest_route=\/wp\/v2\/pages"}],"about":[{"href":"https:\/\/lecti.se\/index.php?rest_route=\/wp\/v2\/types\/page"}],"author":[{"embeddable":true,"href":"https:\/\/lecti.se\/index.php?rest_route=\/wp\/v2\/users\/3"}],"replies":[{"embeddable":true,"href":"https:\/\/lecti.se\/index.php?rest_route=%2Fwp%2Fv2%2Fcomments&post=109"}],"version-history":[{"count":16,"href":"https:\/\/lecti.se\/index.php?rest_route=\/wp\/v2\/pages\/109\/revisions"}],"predecessor-version":[{"id":197,"href":"https:\/\/lecti.se\/index.php?rest_route=\/wp\/v2\/pages\/109\/revisions\/197"}],"wp:attachment":[{"href":"https:\/\/lecti.se\/index.php?rest_route=%2Fwp%2Fv2%2Fmedia&parent=109"}],"curies":[{"name":"wp","href":"https:\/\/api.w.org\/{rel}","templated":true}]}}