{"id":100,"date":"2024-12-10T15:25:47","date_gmt":"2024-12-10T14:25:47","guid":{"rendered":"https:\/\/lecti.se\/?page_id=100"},"modified":"2024-12-18T15:44:10","modified_gmt":"2024-12-18T14:44:10","slug":"lecti","status":"publish","type":"page","link":"https:\/\/lecti.se\/","title":{"rendered":"Lecti"},"content":{"rendered":"\n<h1 class=\"wp-block-heading has-text-align-center has-xx-large-font-size\">L\u00e4xhj\u00e4lp i Lund<\/h1>\n\n\n\n<p class=\"has-text-align-center has-medium-font-size\">Vi p\u00e5 Lecti erbjuder forskningsbaserad, skr\u00e4ddarsydd l\u00e4xhj\u00e4lp som ger ungdomar r\u00e4tt f\u00f6ruts\u00e4ttningar f\u00f6r b\u00e5de starkare resultat idag och livsl\u00e5ngt l\u00e4rande.<\/p>\n\n\n\n<div class=\"wp-block-group alignfull has-global-padding is-layout-constrained wp-container-core-group-is-layout-490fa1db wp-block-group-is-layout-constrained\" style=\"padding-top:var(--wp--preset--spacing--50);padding-right:var(--wp--preset--spacing--50);padding-bottom:var(--wp--preset--spacing--50);padding-left:var(--wp--preset--spacing--50)\">\n<div class=\"wp-block-group has-global-padding is-layout-constrained wp-container-core-group-is-layout-650790e1 wp-block-group-is-layout-constrained\">\n<div style=\"height:1.25rem\" aria-hidden=\"true\" class=\"wp-block-spacer\"><\/div>\n\n\n\n<div class=\"wp-block-buttons is-content-justification-center is-layout-flex wp-container-core-buttons-is-layout-a89b3969 wp-block-buttons-is-layout-flex\">\n<div class=\"wp-block-button\"><a class=\"wp-block-button__link wp-element-button\" href=\"https:\/\/lecti.se\/?page_id=109\">Om oss<\/a><\/div>\n\n\n\n<div class=\"wp-block-button\"><a class=\"wp-block-button__link wp-element-button\" href=\"https:\/\/lecti.se\/?page_id=26\"><mark style=\"background-color:rgba(0, 0, 0, 0)\" class=\"has-inline-color has-accent-5-color\">Boka Online<\/mark><\/a><\/div>\n<\/div>\n<\/div>\n\n\n\n<div style=\"height:var(--wp--preset--spacing--30)\" aria-hidden=\"true\" class=\"wp-block-spacer\"><\/div>\n\n\n\n<figure class=\"wp-block-image alignwide size-full is-style-rounded is-style-rounded--1\"><img loading=\"lazy\" decoding=\"async\" width=\"2560\" height=\"2560\" src=\"https:\/\/lecti.se\/wp-content\/uploads\/2024\/12\/1000020360-1-edited-scaled.jpg\" alt=\"\" class=\"wp-image-117\" srcset=\"https:\/\/lecti.se\/wp-content\/uploads\/2024\/12\/1000020360-1-edited-scaled.jpg 2560w, https:\/\/lecti.se\/wp-content\/uploads\/2024\/12\/1000020360-1-edited-300x300.jpg 300w, https:\/\/lecti.se\/wp-content\/uploads\/2024\/12\/1000020360-1-edited-1024x1024.jpg 1024w, https:\/\/lecti.se\/wp-content\/uploads\/2024\/12\/1000020360-1-edited-150x150.jpg 150w, https:\/\/lecti.se\/wp-content\/uploads\/2024\/12\/1000020360-1-edited-768x768.jpg 768w, https:\/\/lecti.se\/wp-content\/uploads\/2024\/12\/1000020360-1-edited-1536x1536.jpg 1536w, https:\/\/lecti.se\/wp-content\/uploads\/2024\/12\/1000020360-1-edited-2048x2048.jpg 2048w\" sizes=\"auto, (max-width: 2560px) 100vw, 2560px\" \/><\/figure>\n<\/div>\n\n\n\n<div class=\"wp-block-group alignfull has-base-2-background-color has-background has-global-padding is-layout-constrained wp-container-core-group-is-layout-669513ed wp-block-group-is-layout-constrained\" style=\"margin-top:0;margin-bottom:0;padding-top:var(--wp--preset--spacing--50);padding-right:var(--wp--preset--spacing--50);padding-bottom:var(--wp--preset--spacing--50);padding-left:var(--wp--preset--spacing--50)\">\n<div class=\"wp-block-group is-vertical is-content-justification-center is-layout-flex wp-container-core-group-is-layout-52b864f0 wp-block-group-is-layout-flex\">\n<h2 class=\"wp-block-heading has-text-align-center is-style-asterisk\">Lyft dina studieresultat till n\u00e4sta niv\u00e5<\/h2>\n\n\n\n<div style=\"height:0px\" aria-hidden=\"true\" class=\"wp-block-spacer wp-container-content-4f2ccadb\"><\/div>\n\n\n\n<p class=\"has-text-align-center\">Hos Lecti f\u00e5r du forskningsbaserad l\u00e4xhj\u00e4lp som inte bara st\u00e4rker betygen denna termin, utan l\u00e4gger grunden f\u00f6r ett livsl\u00e5ngt och h\u00e5llbart l\u00e4rande.<\/p>\n<\/div>\n\n\n\n<div style=\"margin-top:0;margin-bottom:0;height:var(--wp--preset--spacing--40)\" aria-hidden=\"true\" class=\"wp-block-spacer\"><\/div>\n\n\n\n<div class=\"wp-block-columns alignwide is-layout-flex wp-container-core-columns-is-layout-d0bbbce0 wp-block-columns-is-layout-flex\">\n<div class=\"wp-block-column is-layout-flow wp-container-core-column-is-layout-e3d1c41b wp-block-column-is-layout-flow\">\n<h3 class=\"wp-block-heading has-text-align-left is-style-asterisk has-body-font-family has-medium-font-size\" style=\"font-style:normal;font-weight:600\"><strong>Personlig studieplanering<\/strong><\/h3>\n\n\n\n<p class=\"has-text-align-left\">V\u00e5ra erfarna handledare skr\u00e4ddarsyr en studieplan som hj\u00e4lper elever att n\u00e5 sina akademiska m\u00e5l.<\/p>\n<\/div>\n\n\n\n<div class=\"wp-block-column is-layout-flow wp-container-core-column-is-layout-e3d1c41b wp-block-column-is-layout-flow\">\n<h3 class=\"wp-block-heading has-text-align-left is-style-asterisk has-body-font-family has-medium-font-size\" style=\"font-style:normal;font-weight:600\">Kontinuerligt st\u00f6d<\/h3>\n\n\n\n<p class=\"has-text-align-left\">F\u00e5 regelbunden hj\u00e4lp med l\u00e4xor, provf\u00f6rberedelser och studieteknik f\u00f6r att \u00f6ka b\u00e5de resultat och akademiskt sj\u00e4lvf\u00f6rtroende.<\/p>\n<\/div>\n\n\n\n<div class=\"wp-block-column is-layout-flow wp-container-core-column-is-layout-e3d1c41b wp-block-column-is-layout-flow\">\n<h3 class=\"wp-block-heading has-text-align-left is-style-asterisk has-body-font-family has-medium-font-size\" style=\"font-style:normal;font-weight:600\">R\u00e5dgivning och coachning<\/h3>\n\n\n\n<p class=\"has-text-align-left\">Ta del av personlig r\u00e5dgivning som bygger p\u00e5 forskning om effektiv inl\u00e4rning, anpassat efter elevens egna behov och f\u00f6ruts\u00e4ttningar.<\/p>\n<\/div>\n<\/div>\n\n\n\n<div style=\"height:var(--wp--preset--spacing--20)\" aria-hidden=\"true\" class=\"wp-block-spacer\"><\/div>\n\n\n\n<div class=\"wp-block-columns alignwide is-layout-flex wp-container-core-columns-is-layout-d0bbbce0 wp-block-columns-is-layout-flex\">\n<div class=\"wp-block-column is-layout-flow wp-container-core-column-is-layout-e3d1c41b wp-block-column-is-layout-flow\">\n<h3 class=\"wp-block-heading has-text-align-left is-style-asterisk has-body-font-family has-medium-font-size\" style=\"font-style:normal;font-weight:600\">M\u00e5lbaserad utveckling<\/h3>\n\n\n\n<p class=\"has-text-align-left\">Vi guidar eleven i att s\u00e4tta upp tydliga m\u00e5l och bryta ner dem i hanterbara steg, f\u00f6r varaktig studiemotivation och b\u00e4ttre resultat.<\/p>\n<\/div>\n\n\n\n<div class=\"wp-block-column is-layout-flow wp-container-core-column-is-layout-e3d1c41b wp-block-column-is-layout-flow\">\n<h3 class=\"wp-block-heading has-text-align-left is-style-asterisk has-body-font-family has-medium-font-size\" style=\"font-style:normal;font-weight:600\">Forskningsf\u00f6rankrade metoder<\/h3>\n\n\n\n<p class=\"has-text-align-left\">V\u00e5ra metoder vilar p\u00e5 aktuell forskning om inl\u00e4rning, vilket ger f\u00f6ruts\u00e4ttningar f\u00f6r ett effektivt och h\u00e5llbart l\u00e4rande.<\/p>\n<\/div>\n\n\n\n<div class=\"wp-block-column is-layout-flow wp-container-core-column-is-layout-e3d1c41b wp-block-column-is-layout-flow\">\n<h3 class=\"wp-block-heading has-text-align-left is-style-asterisk has-body-font-family has-medium-font-size\" style=\"font-style:normal;font-weight:600\">Utv\u00e4rdering och uppf\u00f6ljning<\/h3>\n\n\n\n<p>Genom kontinuerlig uppf\u00f6ljning och m\u00e4tbara m\u00e5l kan vi justera studieplanen och s\u00e4kerst\u00e4lla h\u00e5llbara framsteg.<\/p>\n<\/div>\n<\/div>\n<\/div>\n\n\n\n<p><\/p>\n","protected":false},"excerpt":{"rendered":"<p>L\u00e4xhj\u00e4lp i Lund Vi p\u00e5 Lecti erbjuder forskningsbaserad, skr\u00e4ddarsydd l\u00e4xhj\u00e4lp som ger ungdomar r\u00e4tt f\u00f6ruts\u00e4ttningar f\u00f6r b\u00e5de starkare resultat idag och livsl\u00e5ngt l\u00e4rande. Lyft dina studieresultat till n\u00e4sta niv\u00e5 Hos Lecti f\u00e5r du forskningsbaserad l\u00e4xhj\u00e4lp som inte bara st\u00e4rker betygen denna termin, utan l\u00e4gger grunden f\u00f6r ett livsl\u00e5ngt och h\u00e5llbart l\u00e4rande. Personlig studieplanering V\u00e5ra erfarna [&hellip;]<\/p>\n","protected":false},"author":3,"featured_media":0,"parent":0,"menu_order":0,"comment_status":"closed","ping_status":"closed","template":"","meta":{"footnotes":""},"class_list":["post-100","page","type-page","status-publish","hentry"],"_links":{"self":[{"href":"https:\/\/lecti.se\/index.php?rest_route=\/wp\/v2\/pages\/100","targetHints":{"allow":["GET"]}}],"collection":[{"href":"https:\/\/lecti.se\/index.php?rest_route=\/wp\/v2\/pages"}],"about":[{"href":"https:\/\/lecti.se\/index.php?rest_route=\/wp\/v2\/types\/page"}],"author":[{"embeddable":true,"href":"https:\/\/lecti.se\/index.php?rest_route=\/wp\/v2\/users\/3"}],"replies":[{"embeddable":true,"href":"https:\/\/lecti.se\/index.php?rest_route=%2Fwp%2Fv2%2Fcomments&post=100"}],"version-history":[{"count":13,"href":"https:\/\/lecti.se\/index.php?rest_route=\/wp\/v2\/pages\/100\/revisions"}],"predecessor-version":[{"id":167,"href":"https:\/\/lecti.se\/index.php?rest_route=\/wp\/v2\/pages\/100\/revisions\/167"}],"wp:attachment":[{"href":"https:\/\/lecti.se\/index.php?rest_route=%2Fwp%2Fv2%2Fmedia&parent=100"}],"curies":[{"name":"wp","href":"https:\/\/api.w.org\/{rel}","templated":true}]}}